{"id":397,"date":"2016-03-08T17:10:55","date_gmt":"2016-03-08T16:10:55","guid":{"rendered":"http:\/\/www.tratech.nu\/?page_id=397"},"modified":"2016-03-18T20:20:38","modified_gmt":"2016-03-18T19:20:38","slug":"tjanster-2","status":"publish","type":"page","link":"https:\/\/www.tratech.nu\/?page_id=397","title":{"rendered":"Uthyrning"},"content":{"rendered":"<div id=\"pl-397\"  class=\"panel-layout\" ><div id=\"pg-397-0\"  class=\"panel-grid panel-no-style\" ><div id=\"pgc-397-0-0\"  class=\"panel-grid-cell\" ><div id=\"panel-397-0-0-0\" class=\"so-panel widget widget_black-studio-tinymce widget_black_studio_tinymce panel-first-child panel-last-child\" data-index=\"0\" ><div class=\"textwidget\"><p style=\"text-align: center;\"><span class=\"home-headline\">Tryckluftsabonnemang<\/span><\/p>\n<\/div><\/div><\/div><\/div><div id=\"pg-397-1\"  class=\"panel-grid panel-no-style\" ><div id=\"pgc-397-1-0\"  class=\"panel-grid-cell\" ><div id=\"panel-397-1-0-0\" class=\"so-panel widget widget_black-studio-tinymce widget_black_studio_tinymce panel-first-child panel-last-child\" data-index=\"1\" ><div class=\"panel-widget-style panel-widget-style-for-397-1-0-0\" ><div class=\"textwidget\"><p><span class=\"\" style=\"display:block;clear:both;height: 0px;padding-top: 300px;border-top-width:0px;border-bottom-width:0px;\"><\/span><\/p>\n<\/div><\/div><\/div><\/div><div id=\"pgc-397-1-1\"  class=\"panel-grid-cell\" ><div id=\"panel-397-1-1-0\" class=\"so-panel widget widget_black-studio-tinymce widget_black_studio_tinymce panel-first-child panel-last-child\" data-index=\"2\" ><div class=\"textwidget\"><p>Allt fler f\u00f6retag v\u00e4ljer ett trycklufts abonnemang.<br \/>F\u00f6redelarna \u00e4r m\u00e5nga, nackdelarna \u00e4r sv\u00e5ra att hitta. <\/p>\n<p>Att abonnera p\u00e5 sin trycklufts utrustning blir \u00f6ver tid <br \/>billigare, enklare och s\u00e4krare.<br \/>Ni betalar en fast m\u00e5nadsavgift som baseras p\u00e5 den <br \/>trycklufts kapacitet ni f\u00f6r tillf\u00e4llet beh\u00f6ver.<\/p>\n<p>F\u00f6r\u00e4ndras ert behov s\u00e5 anpassar vi snabbt utrustningen <br \/>och justerar m\u00e5nadsavgiften.<\/p>\n<p>\u00a0<\/p>\n<\/div><\/div><\/div><div id=\"pgc-397-1-2\"  class=\"panel-grid-cell\" ><div id=\"panel-397-1-2-0\" class=\"so-panel widget widget_black-studio-tinymce widget_black_studio_tinymce panel-first-child panel-last-child\" data-index=\"3\" ><div class=\"textwidget\"><p>I m\u00e5nadsavgiften ing\u00e5r fullservice vilket inneb\u00e4r att vi regelbundet underh\u00e5ller all utrustning och <br \/>minimerar risken f\u00f6r driftavbrott.<\/p>\n<p>Skulle olyckan \u00e4nd\u00e5 vara framme s\u00e5 felanm\u00e4ler\u00a0ni till v\u00e5r jourtelefon.<br \/> v\u00e5r servicepersonal \u00e4r i full beredskap att snabbt <br \/>komma ig\u00e5ng med fels\u00f6kning.<\/p>\n<p>F\u00f6r verksamhet som \u00e4r extremt k\u00e4nslig f\u00f6r driftavbrott<br \/> installerar vi en backup-utrustning som kan vara ig\u00e5ng <br \/>inom n\u00e5gon minut.<\/p>\n<\/div><\/div><\/div><\/div><div id=\"pg-397-2\"  class=\"panel-grid panel-has-style\" ><div class=\"siteorigin-panels-stretch panel-row-style panel-row-style-for-397-2\" data-stretch-type=\"full-stretched\" ><div id=\"pgc-397-2-0\"  class=\"panel-grid-cell\" ><div id=\"panel-397-2-0-0\" class=\"so-panel widget widget_black-studio-tinymce widget_black_studio_tinymce panel-first-child panel-last-child\" data-index=\"4\" ><div class=\"textwidget\"><p style=\"text-align: center;\"><a href=\"https:\/\/www.tratech.nu\/wp-content\/uploads\/2016\/03\/Tratech.pdf\" class=\"pdfemb-viewer\" style=\"\" data-width=\"max\" data-height=\"max\"  data-toolbar=\"bottom\" data-toolbar-fixed=\"off\">Tratech<br\/><\/a><\/p>\n<\/div><\/div><\/div><\/div><\/div><\/div>","protected":false},"excerpt":{"rendered":"<p>Tryckluftsabonnemang Allt fler f\u00f6retag v\u00e4ljer ett trycklufts abonnemang.F\u00f6redelarna \u00e4r m\u00e5nga, nackdelarna \u00e4r sv\u00e5ra att hitta. Att abonnera p\u00e5 sin trycklufts utrustning blir \u00f6ver tid billigare, enklare och s\u00e4krare.Ni betalar en fast m\u00e5nadsavgift som baseras p\u00e5 den trycklufts kapacitet ni f\u00f6r tillf\u00e4llet beh\u00f6ver. F\u00f6r\u00e4ndras ert behov s\u00e5 anpassar vi snabbt utrustningen och justerar m\u00e5nadsavgiften. \u00a0 I&hellip;&nbsp;<a href=\"https:\/\/www.tratech.nu\/?page_id=397\" class=\"\" rel=\"bookmark\">L\u00e4s mer &raquo;<span class=\"screen-reader-text\">Uthyrning<\/span><\/a><\/p>\n","protected":false},"author":1,"featured_media":0,"parent":0,"menu_order":0,"comment_status":"closed","ping_status":"closed","template":"template-fullwidth.php","meta":[],"_links":{"self":[{"href":"https:\/\/www.tratech.nu\/index.php?rest_route=\/wp\/v2\/pages\/397"}],"collection":[{"href":"https:\/\/www.tratech.nu\/index.php?rest_route=\/wp\/v2\/pages"}],"about":[{"href":"https:\/\/www.tratech.nu\/index.php?rest_route=\/wp\/v2\/types\/page"}],"author":[{"embeddable":true,"href":"https:\/\/www.tratech.nu\/index.php?rest_route=\/wp\/v2\/users\/1"}],"replies":[{"embeddable":true,"href":"https:\/\/www.tratech.nu\/index.php?rest_route=%2Fwp%2Fv2%2Fcomments&post=397"}],"version-history":[{"count":17,"href":"https:\/\/www.tratech.nu\/index.php?rest_route=\/wp\/v2\/pages\/397\/revisions"}],"predecessor-version":[{"id":581,"href":"https:\/\/www.tratech.nu\/index.php?rest_route=\/wp\/v2\/pages\/397\/revisions\/581"}],"wp:attachment":[{"href":"https:\/\/www.tratech.nu\/index.php?rest_route=%2Fwp%2Fv2%2Fmedia&parent=397"}],"curies":[{"name":"wp","href":"https:\/\/api.w.org\/{rel}","templated":true}]}}